{"id":1476,"date":"2018-01-20T22:20:52","date_gmt":"2018-01-20T22:20:52","guid":{"rendered":"http:\/\/kastendiek-planen-bauen.de\/?page_id=1476"},"modified":"2024-11-21T20:58:31","modified_gmt":"2024-11-21T20:58:31","slug":"hestia-front","status":"publish","type":"page","link":"https:\/\/kastendiek-planen-bauen.de\/","title":{"rendered":"Seit 1999 Garant f\u00fcr Qualit\u00e4t, Sicherheit und Umweltschutz"},"content":{"rendered":"\n<p><\/p>\n\n\n\n<p><\/p>\n\n\n<p>In unserem Planungsb\u00fcro unterst\u00fctzen wir Sie bei der wirtschaftlichen und architektonischen Planung und Entwurf Ihres Bauvorhabens. Dem Beginn der Planung geht eine individuelle Beratung voraus, die alle wichtigen Punkte, wie zum Beispiel dem Entwurf die Bed\u00fcrfnisse Ihres Wohnanspruches und auch die \u00fcberschl\u00e4gige Kostensch\u00e4tzung, ber\u00fccksichtigt. Unser Leistungsangebot umfasst die Leistungsphasen 1-9 der HOAI und au\u00dferdem die schl\u00fcsselfertige oder bezugsfertige \u00dcbergabe der Immobilie.<\/p>\n<p>Zudem k\u00fcmmern wir uns um die Fertigstellung und Beantragung aller notwendigen Bauantr\u00e4ge, Statiken, Fachplaner-Leistungen, Gutachten und Hausanschl\u00fcsse etc. die Ihrerseits eine zeitintensive Bearbeitung erfordern w\u00fcrden. Hierbei stimmen wir uns mit der zust\u00e4ndigen Baubeh\u00f6rde sowie anderen Institutionen ab und informieren Sie in diesem Zusammenhang \u00fcber jeden get\u00e4tigten Schritt. Gerne stehen wir Ihnen bei einem pers\u00f6nlichen Besuch oder bei einem Anruf f\u00fcr alle Fragen zur Verf\u00fcgung.<\/p>\n<p>&nbsp;<\/p>\n<p>&nbsp;<\/p>","protected":false},"excerpt":{"rendered":"<p>In unserem Planungsb\u00fcro unterst\u00fctzen wir Sie bei der wirtschaftlichen und architektonischen Planung und Entwurf Ihres Bauvorhabens. Dem Beginn der Planung geht eine individuelle Beratung voraus, die alle wichtigen Punkte, wie zum Beispiel dem Entwurf die Bed\u00fcrfnisse Ihres Wohnanspruches und auch die \u00fcberschl\u00e4gige Kostensch\u00e4tzung, ber\u00fccksichtigt. Unser Leistungsangebot umfasst die Leistungsphasen 1-9 der HOAI und au\u00dferdem die&hellip; <\/p>\n<p> <a rel=\"bookmark\" class=\"read-more btn btn-primary\" href=\"https:\/\/kastendiek-planen-bauen.de\/\">Weiterlesen<span class=\"screen-reader-text\"> bei Seit 1999 Garant f\u00fcr Qualit\u00e4t, Sicherheit und Umweltschutz <\/span>&raquo;<\/a><\/p>\n","protected":false},"author":1,"featured_media":0,"parent":0,"menu_order":0,"comment_status":"closed","ping_status":"closed","template":"","meta":{"footnotes":""},"class_list":["post-1476","page","type-page","status-publish","hentry"],"_links":{"self":[{"href":"https:\/\/kastendiek-planen-bauen.de\/index.php?rest_route=\/wp\/v2\/pages\/1476","targetHints":{"allow":["GET"]}}],"collection":[{"href":"https:\/\/kastendiek-planen-bauen.de\/index.php?rest_route=\/wp\/v2\/pages"}],"about":[{"href":"https:\/\/kastendiek-planen-bauen.de\/index.php?rest_route=\/wp\/v2\/types\/page"}],"author":[{"embeddable":true,"href":"https:\/\/kastendiek-planen-bauen.de\/index.php?rest_route=\/wp\/v2\/users\/1"}],"replies":[{"embeddable":true,"href":"https:\/\/kastendiek-planen-bauen.de\/index.php?rest_route=%2Fwp%2Fv2%2Fcomments&post=1476"}],"version-history":[{"count":10,"href":"https:\/\/kastendiek-planen-bauen.de\/index.php?rest_route=\/wp\/v2\/pages\/1476\/revisions"}],"predecessor-version":[{"id":1931,"href":"https:\/\/kastendiek-planen-bauen.de\/index.php?rest_route=\/wp\/v2\/pages\/1476\/revisions\/1931"}],"wp:attachment":[{"href":"https:\/\/kastendiek-planen-bauen.de\/index.php?rest_route=%2Fwp%2Fv2%2Fmedia&parent=1476"}],"curies":[{"name":"wp","href":"https:\/\/api.w.org\/{rel}","templated":true}]}}